{"id":6154,"date":"2023-02-09T10:31:39","date_gmt":"2023-02-09T09:31:39","guid":{"rendered":"https:\/\/unescochair-ghe.org\/?post_type=tribe_events&#038;p=6154"},"modified":"2023-02-20T19:38:28","modified_gmt":"2023-02-20T18:38:28","slug":"webinar-les-1000-premiers-jours-2-4-un-enfant-des-besoins-fondamentaux-une-demarche","status":"publish","type":"tribe_events","link":"https:\/\/unescochair-ghe.org\/fa\/event\/webinar-les-1000-premiers-jours-2-4-un-enfant-des-besoins-fondamentaux-une-demarche\/","title":{"rendered":"Webinar (in French) &#8211; Les 1000 premiers jours 2\/4 : un enfant, des besoins fondamentaux, une d\u00e9marche"},"content":{"rendered":"<p><strong>Inscriptions<\/strong>&nbsp;: Le lien de connexion au webinaire vous sera communiqu\u00e9 apr\u00e8s votre inscription.<\/p>\n\n\n\n<p>Inscrivez-vous ici :&nbsp;<a rel=\"noreferrer noopener\" href=\"https:\/\/bit.ly\/besoins-enfant\" target=\"_blank\">https:\/\/bit.ly\/besoins-enfant<\/a><\/p>\n\n\n\n<hr class=\"wp-block-separator has-alpha-channel-opacity\" \/>\n\n\n\n<p>La sant\u00e9 des personnes est fa\u00e7onn\u00e9e par tout un ensemble de d\u00e9terminants d\u2019origine sociale, \u00e9ducative ou environnementale. La p\u00e9riode des \u00ab 1000 premiers jours de la vie \u00bb pr\u00e9sente des sp\u00e9cificit\u00e9s qui la rendent cruciale \u00e0 cet \u00e9gard. Sp\u00e9cialistes de la sant\u00e9 publique et\/ou de la recherche s\u2019attachent \u00e0 mettre en lumi\u00e8re le r\u00f4le jou\u00e9 par l\u2019environnement physique, social et affectif sur le d\u00e9veloppement des enfants durant cette premi\u00e8re phase de la vie et son impact sur toute leur trajectoire de vie. Cette question rev\u00eat des enjeux tout \u00e0 la fois sanitaires, sociaux, soci\u00e9taux et politiques et suscite de plus en plus de d\u00e9bats dans la sph\u00e8re publique.<\/p>\n\n\n\n<div style=\"height:26px\" aria-hidden=\"true\" class=\"wp-block-spacer\"><\/div>\n\n\n\n<p>Ce webinaire est le deuxi\u00e8me d\u2019une s\u00e9rie de quatre webinaires consacr\u00e9e au th\u00e8me des 1000 premiers jours. Il est centr\u00e9 sur les enjeux du d\u00e9veloppement affectif et social de l\u2019enfant durant ses premi\u00e8res ann\u00e9es et plus sp\u00e9cifiquement sur ses besoins fondamentaux. En France, la d\u00e9marche de consensus sur les besoins fondamentaux de l\u2019enfant, dirig\u00e9e par le Dr. Martin-Blachais en 2017, a marqu\u00e9 une \u00e9tape d\u00e9cisive dans la reconnaissance et la prise en compte de ces besoins fondamentaux par l\u2019ensemble des acteurs impliqu\u00e9s dans l\u2019accompagnement des jeunes enfants. Durant ce webinaire, nous reviendrons avec le Dr. Martin-Blachais sur les enjeux et les r\u00e9percussions de cette d\u00e9marche de consensus et explorerons comment ces nouvelles connaissances sont venues progressivement transformer \u00e0 la fois les politiques et les pratiques des diff\u00e9rents acteurs de la petite enfance.<\/p>\n\n\n\n<div style=\"height:26px\" aria-hidden=\"true\" class=\"wp-block-spacer\"><\/div>\n\n\n\n<p>Le Dr. Martin-Blachais r\u00e9pondra successivement aux deux questions suivantes :<\/p>\n\n\n\n<ul class=\"wp-block-list\">\n<li>Quels ont \u00e9t\u00e9 l\u2019origine, les enjeux et les r\u00e9percussions de la d\u00e9marche de consensus sur les besoins fondamentaux de l\u2019enfant&nbsp;? En quoi celle-ci constitue-t-elle un changement de paradigme&nbsp;?<\/li>\n\n\n\n<li>Comment cette nouvelle approche par les besoins fondamentaux s\u2019est-elle trouv\u00e9e int\u00e9gr\u00e9e dans les politiques et les pratiques professionnelles?<\/li>\n<\/ul>\n\n\n\n<div style=\"height:26px\" aria-hidden=\"true\" class=\"wp-block-spacer\"><\/div>\n\n\n\n<p>Ce webinaire est destin\u00e9 \u00e0 toute personne int\u00e9ress\u00e9e par la question : familles, professionnel.le.s de la sant\u00e9 ou de l\u2019\u00e9ducation, citoyens engag\u00e9s, repr\u00e9sentants de collectivit\u00e9s locales ou d\u2019institutions nationales.<\/p>\n\n\n\n\n\n\n\n\n\n\n\n\n\n<figure class=\"wp-block-image size-large\"><img decoding=\"async\" width=\"1024\" height=\"536\" data-src=\"https:\/\/unescochair-ghe.org\/wp-content\/uploads\/2023\/02\/Visuel-Webinaire-1000-jours-2_4-1-1024x536.png\" alt=\"\" class=\"wp-image-6192 lazyload\" data-srcset=\"https:\/\/unescochair-ghe.org\/wp-content\/uploads\/2023\/02\/Visuel-Webinaire-1000-jours-2_4-1-1024x536.png 1024w, https:\/\/unescochair-ghe.org\/wp-content\/uploads\/2023\/02\/Visuel-Webinaire-1000-jours-2_4-1-300x157.png 300w, https:\/\/unescochair-ghe.org\/wp-content\/uploads\/2023\/02\/Visuel-Webinaire-1000-jours-2_4-1-768x402.png 768w, https:\/\/unescochair-ghe.org\/wp-content\/uploads\/2023\/02\/Visuel-Webinaire-1000-jours-2_4-1-18x9.png 18w, https:\/\/unescochair-ghe.org\/wp-content\/uploads\/2023\/02\/Visuel-Webinaire-1000-jours-2_4-1-373x195.png 373w, https:\/\/unescochair-ghe.org\/wp-content\/uploads\/2023\/02\/Visuel-Webinaire-1000-jours-2_4-1.png 1200w\" data-sizes=\"(max-width: 1024px) 100vw, 1024px\" src=\"data:image\/svg+xml;base64,PHN2ZyB3aWR0aD0iMSIgaGVpZ2h0PSIxIiB4bWxucz0iaHR0cDovL3d3dy53My5vcmcvMjAwMC9zdmciPjwvc3ZnPg==\" style=\"--smush-placeholder-width: 1024px; --smush-placeholder-aspect-ratio: 1024\/536;\" \/><\/figure>","protected":false},"excerpt":{"rendered":"<p>Inscriptions&nbsp;: Le lien de connexion au webinaire vous sera communiqu\u00e9 apr\u00e8s votre inscription. Inscrivez-vous ici :&nbsp;https:\/\/bit.ly\/besoins-enfant La sant\u00e9 des personnes est fa\u00e7onn\u00e9e par tout un ensemble de d\u00e9terminants d\u2019origine sociale, &hellip;<\/p>","protected":false},"author":3,"featured_media":6192,"template":"","meta":{"_tribe_events_status":"","_tribe_events_status_reason":"","footnotes":"","_links_to":"","_links_to_target":""},"tags":[23,164,63,31,27],"tribe_events_cat":[],"class_list":["post-6154","tribe_events","type-tribe_events","status-publish","has-post-thumbnail","hentry","tag-children","tag-first-1000-days","tag-french","tag-health","tag-webinar"],"_links":{"self":[{"href":"https:\/\/unescochair-ghe.org\/fa\/wp-json\/wp\/v2\/tribe_events\/6154","targetHints":{"allow":["GET"]}}],"collection":[{"href":"https:\/\/unescochair-ghe.org\/fa\/wp-json\/wp\/v2\/tribe_events"}],"about":[{"href":"https:\/\/unescochair-ghe.org\/fa\/wp-json\/wp\/v2\/types\/tribe_events"}],"author":[{"embeddable":true,"href":"https:\/\/unescochair-ghe.org\/fa\/wp-json\/wp\/v2\/users\/3"}],"version-history":[{"count":6,"href":"https:\/\/unescochair-ghe.org\/fa\/wp-json\/wp\/v2\/tribe_events\/6154\/revisions"}],"predecessor-version":[{"id":6194,"href":"https:\/\/unescochair-ghe.org\/fa\/wp-json\/wp\/v2\/tribe_events\/6154\/revisions\/6194"}],"wp:featuredmedia":[{"embeddable":true,"href":"https:\/\/unescochair-ghe.org\/fa\/wp-json\/wp\/v2\/media\/6192"}],"wp:attachment":[{"href":"https:\/\/unescochair-ghe.org\/fa\/wp-json\/wp\/v2\/media?parent=6154"}],"wp:term":[{"taxonomy":"post_tag","embeddable":true,"href":"https:\/\/unescochair-ghe.org\/fa\/wp-json\/wp\/v2\/tags?post=6154"},{"taxonomy":"tribe_events_cat","embeddable":true,"href":"https:\/\/unescochair-ghe.org\/fa\/wp-json\/wp\/v2\/tribe_events_cat?post=6154"}],"curies":[{"name":"wp","href":"https:\/\/api.w.org\/{rel}","templated":true}]}}

Webinar (in French) &#8211; Les 1000 premiers jours 2/4 : un enfant, des besoins fondamentaux, une démarche

<p><strong>Inscriptions</strong>&nbsp;: Le lien de connexion au webinaire vous sera communiqué après votre inscription.</p>



<p>Inscrivez-vous ici :&nbsp;<a rel="noreferrer noopener" href="https://bit.ly/besoins-enfant" target="_blank">https://bit.ly/besoins-enfant</a></p>



<hr class="wp-block-separator has-alpha-channel-opacity" />



<p>La santé des personnes est façonnée par tout un ensemble de déterminants d’origine sociale, éducative ou environnementale. La période des « 1000 premiers jours de la vie » présente des spécificités qui la rendent cruciale à cet égard. Spécialistes de la santé publique et/ou de la recherche s’attachent à mettre en lumière le rôle joué par l’environnement physique, social et affectif sur le développement des enfants durant cette première phase de la vie et son impact sur toute leur trajectoire de vie. Cette question revêt des enjeux tout à la fois sanitaires, sociaux, sociétaux et politiques et suscite de plus en plus de débats dans la sphère publique.</p>



<div style="height:26px" aria-hidden="true" class="wp-block-spacer"></div>



<p>Ce webinaire est le deuxième d’une série de quatre webinaires consacrée au thème des 1000 premiers jours. Il est centré sur les enjeux du développement affectif et social de l’enfant durant ses premières années et plus spécifiquement sur ses besoins fondamentaux. En France, la démarche de consensus sur les besoins fondamentaux de l’enfant, dirigée par le Dr. Martin-Blachais en 2017, a marqué une étape décisive dans la reconnaissance et la prise en compte de ces besoins fondamentaux par l’ensemble des acteurs impliqués dans l’accompagnement des jeunes enfants. Durant ce webinaire, nous reviendrons avec le Dr. Martin-Blachais sur les enjeux et les répercussions de cette démarche de consensus et explorerons comment ces nouvelles connaissances sont venues progressivement transformer à la fois les politiques et les pratiques des différents acteurs de la petite enfance.</p>



<div style="height:26px" aria-hidden="true" class="wp-block-spacer"></div>



<p>Le Dr. Martin-Blachais répondra successivement aux deux questions suivantes :</p>



<ul class="wp-block-list">
<li>Quels ont été l’origine, les enjeux et les répercussions de la démarche de consensus sur les besoins fondamentaux de l’enfant&nbsp;? En quoi celle-ci constitue-t-elle un changement de paradigme&nbsp;?</li>



<li>Comment cette nouvelle approche par les besoins fondamentaux s’est-elle trouvée intégrée dans les politiques et les pratiques professionnelles?</li>
</ul>



<div style="height:26px" aria-hidden="true" class="wp-block-spacer"></div>



<p>Ce webinaire est destiné à toute personne intéressée par la question : familles, professionnel.le.s de la santé ou de l’éducation, citoyens engagés, représentants de collectivités locales ou d’institutions nationales.</p>













<figure class="wp-block-image size-large"><img decoding="async" width="1024" height="536" data-src="https://unescochair-ghe.org/wp-content/uploads/2023/02/Visuel-Webinaire-1000-jours-2_4-1-1024x536.png" alt="" class="wp-image-6192 lazyload" data-srcset="https://unescochair-ghe.org/wp-content/uploads/2023/02/Visuel-Webinaire-1000-jours-2_4-1-1024x536.png 1024w, https://unescochair-ghe.org/wp-content/uploads/2023/02/Visuel-Webinaire-1000-jours-2_4-1-300x157.png 300w, https://unescochair-ghe.org/wp-content/uploads/2023/02/Visuel-Webinaire-1000-jours-2_4-1-768x402.png 768w, https://unescochair-ghe.org/wp-content/uploads/2023/02/Visuel-Webinaire-1000-jours-2_4-1-18x9.png 18w, https://unescochair-ghe.org/wp-content/uploads/2023/02/Visuel-Webinaire-1000-jours-2_4-1-373x195.png 373w, https://unescochair-ghe.org/wp-content/uploads/2023/02/Visuel-Webinaire-1000-jours-2_4-1.png 1200w" data-sizes="(max-width: 1024px) 100vw, 1024px" src="data:image/svg+xml;base64,PHN2ZyB3aWR0aD0iMSIgaGVpZ2h0PSIxIiB4bWxucz0iaHR0cDovL3d3dy53My5vcmcvMjAwMC9zdmciPjwvc3ZnPg==" style="--smush-placeholder-width: 1024px; --smush-placeholder-aspect-ratio: 1024/536;" /></figure>

<p>Inscriptions&nbsp;: Le lien de connexion au webinaire vous sera communiqué après votre inscription. Inscrivez-vous ici :&nbsp;https://bit.ly/besoins-enfant La santé des personnes est façonnée par tout un ensemble de déterminants d’origine sociale, &hellip;</p>
