{"id":3449,"date":"2021-03-18T11:11:38","date_gmt":"2021-03-18T10:11:38","guid":{"rendered":"https:\/\/unescochair-ghe.org\/?post_type=tribe_events&#038;p=3449"},"modified":"2021-03-18T11:12:37","modified_gmt":"2021-03-18T10:12:37","slug":"webinar-la-sante-au-quotidien-dans-les-etablissements-scolaires-everyday-health-in-schools","status":"publish","type":"tribe_events","link":"https:\/\/unescochair-ghe.org\/fa\/event\/webinar-la-sante-au-quotidien-dans-les-etablissements-scolaires-everyday-health-in-schools\/","title":{"rendered":"Webinar La sant\u00e9 au quotidien dans les \u00e9tablissements scolaires (Everyday Health in Schools)"},"content":{"rendered":"<p>This webinar is organised by the UNESCO Chair and WHO Collaborating Center Global Health &amp; Education as part of the\u00a0<a href=\"https:\/\/internationaladolescenthealthweek.org\/index.html\" target=\"_blank\" rel=\"noreferrer noopener\">International Adolescent Health Week<\/a> and the Global Health &amp; Education webinar series.<\/p>\n<p>&nbsp;<\/p>\n<p>Speakers:<\/p>\n<ul>\n<li><strong>Val\u00e9rie Et\u00e9ocle<\/strong>, Cheffe d\u2019\u00e9tablissement, Coll\u00e8ge Jules Romain, Acad\u00e9mie de Clermont-Ferrand<\/li>\n<li><strong>V\u00e9ronique Baranska<\/strong>, Infirmi\u00e8re \u00c9ducation Nationale, sexologue clinicienne, licenci\u00e9e en psychologie et personne ressource du site www.pratiquesensante.org<\/li>\n<li><strong>Sourour Memdouh<\/strong>, professeure de Lettres modernes au coll\u00e8ge Lucie Aubrac de Clermont Ferrand et Docteur en Litt\u00e9rature fran\u00e7aise. Porteuse du projet \u201cLes Explorh\u00e9teurs, b\u00e2tisseurs du coll\u00e8ge du futur\u201d.<\/li>\n<\/ul>\n<p>&nbsp;<\/p>\n<p>Time: 18.00 \u2013 19.00 CET<\/p>\n<p>&nbsp;<\/p>\n<p>Language: French<\/p>\n<p>&nbsp;<\/p>\n<p><a href=\"http:\/\/bit.ly\/webinaires-edusant%C3%A9\" target=\"_blank\" rel=\"noreferrer noopener\">Webinar link<\/a><\/p>","protected":false},"excerpt":{"rendered":"<p>This webinar is organised by the UNESCO Chair and WHO Collaborating Center Global Health &amp; Education as part of the\u00a0International Adolescent Health Week and the Global Health &amp; Education webinar &hellip;<\/p>","protected":false},"author":3,"featured_media":3447,"template":"","meta":{"_tribe_events_status":"","_tribe_events_status_reason":"","footnotes":"","_links_to":"","_links_to_target":""},"tags":[63,31,17,27],"tribe_events_cat":[],"class_list":["post-3449","tribe_events","type-tribe_events","status-publish","has-post-thumbnail","hentry","tag-french","tag-health","tag-school","tag-webinar"],"_links":{"self":[{"href":"https:\/\/unescochair-ghe.org\/fa\/wp-json\/wp\/v2\/tribe_events\/3449","targetHints":{"allow":["GET"]}}],"collection":[{"href":"https:\/\/unescochair-ghe.org\/fa\/wp-json\/wp\/v2\/tribe_events"}],"about":[{"href":"https:\/\/unescochair-ghe.org\/fa\/wp-json\/wp\/v2\/types\/tribe_events"}],"author":[{"embeddable":true,"href":"https:\/\/unescochair-ghe.org\/fa\/wp-json\/wp\/v2\/users\/3"}],"version-history":[{"count":2,"href":"https:\/\/unescochair-ghe.org\/fa\/wp-json\/wp\/v2\/tribe_events\/3449\/revisions"}],"predecessor-version":[{"id":3451,"href":"https:\/\/unescochair-ghe.org\/fa\/wp-json\/wp\/v2\/tribe_events\/3449\/revisions\/3451"}],"wp:featuredmedia":[{"embeddable":true,"href":"https:\/\/unescochair-ghe.org\/fa\/wp-json\/wp\/v2\/media\/3447"}],"wp:attachment":[{"href":"https:\/\/unescochair-ghe.org\/fa\/wp-json\/wp\/v2\/media?parent=3449"}],"wp:term":[{"taxonomy":"post_tag","embeddable":true,"href":"https:\/\/unescochair-ghe.org\/fa\/wp-json\/wp\/v2\/tags?post=3449"},{"taxonomy":"tribe_events_cat","embeddable":true,"href":"https:\/\/unescochair-ghe.org\/fa\/wp-json\/wp\/v2\/tribe_events_cat?post=3449"}],"curies":[{"name":"wp","href":"https:\/\/api.w.org\/{rel}","templated":true}]}}

Webinar La santé au quotidien dans les établissements scolaires (Everyday Health in Schools)

<p>This webinar is organised by the UNESCO Chair and WHO Collaborating Center Global Health &amp; Education as part of the <a href="https://internationaladolescenthealthweek.org/index.html" target="_blank" rel="noreferrer noopener">International Adolescent Health Week</a> and the Global Health &amp; Education webinar series.</p>
<p>&nbsp;</p>
<p>Speakers:</p>
<ul>
<li><strong>Valérie Etéocle</strong>, Cheffe d’établissement, Collège Jules Romain, Académie de Clermont-Ferrand</li>
<li><strong>Véronique Baranska</strong>, Infirmière Éducation Nationale, sexologue clinicienne, licenciée en psychologie et personne ressource du site www.pratiquesensante.org</li>
<li><strong>Sourour Memdouh</strong>, professeure de Lettres modernes au collège Lucie Aubrac de Clermont Ferrand et Docteur en Littérature française. Porteuse du projet “Les Explorhéteurs, bâtisseurs du collège du futur”.</li>
</ul>
<p>&nbsp;</p>
<p>Time: 18.00 – 19.00 CET</p>
<p>&nbsp;</p>
<p>Language: French</p>
<p>&nbsp;</p>
<p><a href="http://bit.ly/webinaires-edusant%C3%A9" target="_blank" rel="noreferrer noopener">Webinar link</a></p>
