{"id":3854,"date":"2021-05-31T14:11:37","date_gmt":"2021-05-31T12:11:37","guid":{"rendered":"https:\/\/unescochair-ghe.org\/?page_id=3854"},"modified":"2021-09-30T16:53:22","modified_gmt":"2021-09-30T14:53:22","slug":"zweite-umfrage-zur-sicheren-wiedereroffnung-von-schulen","status":"publish","type":"page","link":"https:\/\/unescochair-ghe.org\/fa\/zweite-umfrage-zur-sicheren-wiedereroffnung-von-schulen\/","title":{"rendered":"Zweite Umfrage zur sicheren Wiederer\u00f6ffnung von Schulen"},"content":{"rendered":"<p><a rel=\"noreferrer noopener\" href=\"https:\/\/unescochair-ghe.org\/fa\/resources\/about-covid-19\/second-survey-on-the-safe-re-opening-of-schools\/\" target=\"_blank\">English version <\/a>\u2013\u00a0<a rel=\"noreferrer noopener\" href=\"https:\/\/chaireunesco-es.org\/ressources\/theme-covid-19\/enquete-mondiale-ecoles-et-covid-2e-phase\/\" target=\"_blank\">Version en fran\u00e7ais<\/a>\u00a0\u2013\u00a0<a rel=\"noreferrer noopener\" href=\"https:\/\/unescochair-ghe.org\/fa\/segundo-questionario-sobre-a-reabertura-segura-das-escolas\/\" target=\"_blank\">Vers\u00e3o portuguesa<\/a>\u00a0\u2013\u00a0<a rel=\"noreferrer noopener\" href=\"https:\/\/unescochair-ghe.org\/fa\/resources\/about-covid-19\/segunda-encuesta-sobre-la-reapertura-segura-de-las-escuelas\/\" target=\"_blank\">Versi\u00f3n en espa\u00f1ol<\/a>\u00a0\u2013\u00a0<a href=\"https:\/\/unescochair-ghe.org\/wp-content\/uploads\/2021\/09\/SEP-\u0627\u0644\u062f\u0631\u0627\u0633\u0629-\u0627\u0644\u0627\u0633\u062a\u0642\u0635\u0627\u0626\u064a\u0629-\u0627\u0644\u062b\u0627\u0646\u064a\u0629-\u062d\u0648\u0644-\u0625\u0639\u0627\u062f\u0629-\u0641\u062a\u062d-\u0627\u0644\u0645\u062f\u0627\u0631\u0633-\u0628\u0634\u0643\u0644-\u0622\u0645\u0646.pdf\" target=\"_blank\" rel=\"noreferrer noopener\">\u0627\u0644\u0646\u0633\u062e\u0629 \u0627\u0644\u0639\u0631\u0628\u064a\u0629<\/a><\/p>\n\n\n\n<p>Die zweite Umfrage zur sicheren Wiederer\u00f6ffnung von Schulen ist nun abgeschlossen, und die Ergebnisse werden derzeit ausgewertet. Ziel der Umfrage ist es, die Erfahrungen und Meinungen von Fachleuten aus dem Bildungs- und Gesundheitswesen \u00fcber die in ihren L\u00e4ndern und Territorien bestehenden Prozesse zur sicheren Wiederer\u00f6ffnung von Schulen w\u00e4hrend der COVID-19-Pandemie zu sammeln und diese offen zu halten.<\/p>\n\n\n\n<p>Wir wollen weiterhin eine Br\u00fccke schlagen zwischen den wissenschaftlichen Daten und den Bed\u00fcrfnissen der Menschen, die die nationalen Richtlinien umsetzen und die Auswirkungen der laufenden Pandemie in den Schulen und den umliegenden Gemeinden sp\u00fcren. Sie soll die bisherige sektor\u00fcbergreifende Arbeit reflektieren und Empfehlungen f\u00fcr das weitere Vorgehen geben.<\/p>\n\n\n\n<p>Die Umfrage untersucht die in den Schulen ergriffenen Gesundheitsma\u00dfnahmen, die Kommunikation der Leitlinien auf nationaler und\/oder lokaler Ebene und die Erleichterungen oder Hindernisse f\u00fcr eine sichere Wiederer\u00f6ffnung. Es handelt sich um eine Folgeuntersuchung der Umfrage, die im Mai\/Juni 2020 durchgef\u00fchrt wurde.<\/p>\n\n\n\n<style>\r\n\r\n#wpsm_counter_b_row_3625 .wpsm_counterbox\r\n{\r\n\ttext-align:center;\r\n\tmargin-top:50px;\r\n\tmargin-bottom:50px;\r\n}\r\n#wpsm_counter_b_row_3625 .wpsm_counterbox .wpsm_count-icon{\r\n\tdisplay:block;\r\n\tmargin-top:20px;\r\n\tpadding-top:0px;\r\n\tpadding-bottom:0px;\r\n\tmargin-bottom:0px;\r\n\tmargin:0 auto;\r\n}\r\n#wpsm_counter_b_row_3625 .wpsm_counterbox .wpsm_count-icon i{\r\n\tfont-size:20px;\r\n\tcolor:#1e73be;\r\n}\r\n#wpsm_counter_b_row_3625 .wpsm_counterbox .wpsm_number{\r\n\tfont-size:18px;\r\n\tfont-weight:400;\r\n\tcolor:#1e73be;\r\n\tfont-family:'Open Sans';\r\n\tletter-spacing:2px;\r\n\tmargin-top:20px;\r\n\tline-height: 1.3em;\r\n\tpadding-top:0px;\r\n\tpadding-bottom:0px;\r\n\tmargin-bottom:0px;\r\n}\r\n#wpsm_counter_b_row_3625 .wpsm_counterbox .wpsm_count-title{\r\n    font-size:18px;\r\n\tfont-weight:bolder;\r\n\tfont-family:'Open Sans';\r\n\tletter-spacing:2px;\r\n    color: #1e73be;\r\n\tfont-weight:400;\r\n\tmargin-top:20px;\r\n\tpadding-top:0px;\r\n\tpadding-bottom:0px;\r\n\tmargin-bottom:0px;\r\n\tline-height: 1.3em;\r\n}\r\n\r\n<\/style> \r\n\t\t \r\n\t\t\r\n\t\t<style>\r\n\t\t#wpsm_counter_b_row_3625\t\t\t{\r\n\t\t\t\t\r\n\t\t\t\tposition:relative;\r\n\t\t\t\twidth:100%;\r\n\t\t\t\toverflow:hidden;\r\n\t\t\t\ttext-align:center;\r\n\t\t\t}\r\n\t\t\t \r\n\t\t\t#wpsm_counter_b_row_3625 .wpsm_row{\r\n\t\t\toverflow:hidden;\r\n\t\t\tdisplay:block;\r\n\t\t\twidth:100%;\r\n\t\t\t} \r\n\t\t\t \r\n\t\t\t#wpsm_counter_b_row_3625 .wpsm_row{\r\n\t\t\toverflow:visible;\r\n\t\t\t} \r\n\t\t\t \r\n\t\t\t#wpsm_counter_b_row_3625 .wpsm_counterbox .wpsm_count-title{\r\n\t\t\tmin-height:56px;\r\n\t\t\t}}\r\n\t\t\t \r\n\t\t<\/style>\r\n\t\t\r\n\t\t<div class=\"wpsm_counter_b_row\" id=\"wpsm_counter_b_row_3625\">\r\n\t\t\t<div>\r\n\t\t\t\t<div class=\"wpsm_row\">\r\n\t\t\r\n\t\t\t\t\t\t<div class=\"wpsm_col-md-4 wpsm_col-sm-6\">\r\n\t\t\t\t\t<div class=\"wpsm_counterbox\">\r\n\t\t\t\t\t\t \r\n\t\t\t\t\t\t<div class=\"wpsm_count-icon\"><i #1e73be class=\"fa fa-map-o\"><\/i><\/div>\r\n\t\t\t\t\t\t\t\t\t\t\t\t<div class=\"wpsm_number\" style=\"#1e73be\" >\r\n\t\t\t\t\t\t   <span class=\"counter\">77\t\t\t\t\t\t   <\/span>\r\n\t\t\t\t\t\t    \r\n\t\t\t\t\t    <\/div>\r\n\t\t\t\t\t\t<h3 class=\"wpsm_count-title\" #1e73be> Countries<\/h3>\r\n\t\t\t\t\t\t \r\n\t\t\t\t\t<\/div>\r\n\t\t\t\t<\/div>\r\n\t\t\t\t\t\t\t\t\t<div class=\"wpsm_col-md-4 wpsm_col-sm-6\">\r\n\t\t\t\t\t<div class=\"wpsm_counterbox\">\r\n\t\t\t\t\t\t \r\n\t\t\t\t\t\t<div class=\"wpsm_count-icon\"><i #1e73be class=\"fa fa-group\"><\/i><\/div>\r\n\t\t\t\t\t\t\t\t\t\t\t\t<div class=\"wpsm_number\" style=\"#1e73be\" >\r\n\t\t\t\t\t\t   <span class=\"counter\">2302\t\t\t\t\t\t   <\/span>\r\n\t\t\t\t\t\t    \r\n\t\t\t\t\t    <\/div>\r\n\t\t\t\t\t\t<h3 class=\"wpsm_count-title\" #1e73be> Responses<\/h3>\r\n\t\t\t\t\t\t \r\n\t\t\t\t\t<\/div>\r\n\t\t\t\t<\/div>\r\n\t\t\t\t\t\t\t\t\t<div class=\"wpsm_col-md-4 wpsm_col-sm-6\">\r\n\t\t\t\t\t<div class=\"wpsm_counterbox\">\r\n\t\t\t\t\t\t \r\n\t\t\t\t\t\t<div class=\"wpsm_count-icon\"><i #1e73be class=\"fa fa-mortar-board\"><\/i><\/div>\r\n\t\t\t\t\t\t\t\t\t\t\t\t<div class=\"wpsm_number\" style=\"#1e73be\" >\r\n\t\t\t\t\t\t   <span class=\"counter\">44\t\t\t\t\t\t   <\/span>\r\n\t\t\t\t\t\t    \r\n\t\t\t\t\t    <\/div>\r\n\t\t\t\t\t\t<h3 class=\"wpsm_count-title\" #1e73be> Researchers involved <\/h3>\r\n\t\t\t\t\t\t \r\n\t\t\t\t\t<\/div>\r\n\t\t\t\t<\/div>\r\n\t\t\t\t\t\t<\/div>\r\n\t\t\t<div class=\"wpsm_row\">\r\n\t\t\t\t\t\t\r\n\t\t\t<\/div>\t\t\t\t<\/div>\r\n\t\t<\/div>\r\n\t\t\r\n\t\n\n\n\n<h3 class=\"wp-block-heading\">Konsortialpartner<\/h3>\n\n\n\n<p>Die Umfrage wird vom <a rel=\"noreferrer noopener\" href=\"https:\/\/unescochair-ghe.org\/fa\/\" target=\"_blank\">UNESCO Chair und WHO Collaborating Center in Global Health &amp; Education<\/a> mit Unterst\u00fctzung der Konsortialpartner von <a rel=\"noreferrer noopener\" href=\"http:\/\/www.ascd.org\/Default.aspx\" target=\"_blank\">ASCD<\/a>, <a rel=\"noreferrer noopener\" href=\"https:\/\/www.ntnu.edu\/chain\" target=\"_blank\">CHAIN<\/a>, <a rel=\"noreferrer noopener\" href=\"https:\/\/www.ei-ie.org\/en\" target=\"_blank\">Education International<\/a>, <a rel=\"noreferrer noopener\" href=\"https:\/\/eupha.org\/child-and-adolescent-public-health\" target=\"_blank\">EUPHA Child and Adolescent Public Health<\/a>, <a rel=\"noreferrer noopener\" href=\"https:\/\/eupha.org\/health-promotion\" target=\"_blank\">EUPHA Health Promotion<\/a>, <a rel=\"noreferrer noopener\" href=\"https:\/\/www.gculondon.ac.uk\/\" target=\"_blank\">GCU London<\/a>, <a rel=\"noreferrer noopener\" href=\"https:\/\/iaah.org\/\" target=\"_blank\">IAAH<\/a> und deren <a rel=\"noreferrer noopener\" href=\"https:\/\/iaah.org\/young-professionals-network\/\" target=\"_blank\">Young Professionals&#8217; Network<\/a>, <a rel=\"noreferrer noopener\" href=\"https:\/\/www.iuhpe.org\/index.php\/en\/\" target=\"_blank\">IUHPE<\/a>, <a href=\"https:\/\/www.ncdchild.org\/\" target=\"_blank\" rel=\"noreferrer noopener\">NCD Child<\/a>, <a href=\"https:\/\/inspe.uca.fr\/\" target=\"_blank\" rel=\"noreferrer noopener\">UCA <\/a>und dem <a href=\"https:\/\/www.schoolsforhealth.org\/\" target=\"_blank\" rel=\"noreferrer noopener\">SHE Network<\/a> durchgef\u00fchrt.<\/p>\n\n\n\n<figure class=\"wp-block-image size-large\"><img decoding=\"async\" width=\"1024\" height=\"576\" data-src=\"https:\/\/unescochair-ghe.org\/wp-content\/uploads\/2021\/05\/Social-media-cards-GE-1024x576.jpg\" alt=\"\" class=\"wp-image-3855 lazyload\" data-srcset=\"https:\/\/unescochair-ghe.org\/wp-content\/uploads\/2021\/05\/Social-media-cards-GE-1024x576.jpg 1024w, https:\/\/unescochair-ghe.org\/wp-content\/uploads\/2021\/05\/Social-media-cards-GE-300x169.jpg 300w, https:\/\/unescochair-ghe.org\/wp-content\/uploads\/2021\/05\/Social-media-cards-GE-768x432.jpg 768w, https:\/\/unescochair-ghe.org\/wp-content\/uploads\/2021\/05\/Social-media-cards-GE-16x9.jpg 16w, https:\/\/unescochair-ghe.org\/wp-content\/uploads\/2021\/05\/Social-media-cards-GE-373x210.jpg 373w, https:\/\/unescochair-ghe.org\/wp-content\/uploads\/2021\/05\/Social-media-cards-GE.jpg 1280w\" data-sizes=\"(max-width: 1024px) 100vw, 1024px\" src=\"data:image\/svg+xml;base64,PHN2ZyB3aWR0aD0iMSIgaGVpZ2h0PSIxIiB4bWxucz0iaHR0cDovL3d3dy53My5vcmcvMjAwMC9zdmciPjwvc3ZnPg==\" style=\"--smush-placeholder-width: 1024px; --smush-placeholder-aspect-ratio: 1024\/576;\" \/><\/figure>\n\n\n\n<p>Forscher der folgenden Universit\u00e4ten und Organisationen tragen zur Forschung bei:<\/p>\n\n\n\n<ul class=\"wp-block-list\"><li>Clermont Auvergne University, France<\/li><li>GCU London, UK<\/li><li>Leuphana University, Germany<\/li><li>State University of S\u00e3o Paulo (UNESP), Brazil<\/li><li>Swiss Public Health Doctors Society, Switzerland<\/li><li>University of Huddersfield, UK<\/li><li>University of Minho (CIEC research centre), Portugal<\/li><li>University of Rovuma, Nampula, Mozambique<\/li><li>Young People\u2019s Health Special Interest Group of the UK Royal College of Paediatrics and Child Health (YPHSIG) (UK)<\/li><\/ul>\n\n\n\n<p><\/p>","protected":false},"excerpt":{"rendered":"<p>English version \u2013\u00a0Version en fran\u00e7ais\u00a0\u2013\u00a0Vers\u00e3o portuguesa\u00a0\u2013\u00a0Versi\u00f3n en espa\u00f1ol\u00a0\u2013\u00a0\u0627\u0644\u0646\u0633\u062e\u0629 \u0627\u0644\u0639\u0631\u0628\u064a\u0629 Die zweite Umfrage zur sicheren Wiederer\u00f6ffnung von Schulen ist nun abgeschlossen, und die Ergebnisse werden derzeit ausgewertet. Ziel der Umfrage ist &hellip;<\/p>","protected":false},"author":3,"featured_media":0,"parent":0,"menu_order":0,"comment_status":"closed","ping_status":"closed","template":"","meta":{"footnotes":"","_links_to":"","_links_to_target":""},"class_list":["post-3854","page","type-page","status-publish","hentry"],"_links":{"self":[{"href":"https:\/\/unescochair-ghe.org\/fa\/wp-json\/wp\/v2\/pages\/3854","targetHints":{"allow":["GET"]}}],"collection":[{"href":"https:\/\/unescochair-ghe.org\/fa\/wp-json\/wp\/v2\/pages"}],"about":[{"href":"https:\/\/unescochair-ghe.org\/fa\/wp-json\/wp\/v2\/types\/page"}],"author":[{"embeddable":true,"href":"https:\/\/unescochair-ghe.org\/fa\/wp-json\/wp\/v2\/users\/3"}],"replies":[{"embeddable":true,"href":"https:\/\/unescochair-ghe.org\/fa\/wp-json\/wp\/v2\/comments?post=3854"}],"version-history":[{"count":4,"href":"https:\/\/unescochair-ghe.org\/fa\/wp-json\/wp\/v2\/pages\/3854\/revisions"}],"predecessor-version":[{"id":4493,"href":"https:\/\/unescochair-ghe.org\/fa\/wp-json\/wp\/v2\/pages\/3854\/revisions\/4493"}],"wp:attachment":[{"href":"https:\/\/unescochair-ghe.org\/fa\/wp-json\/wp\/v2\/media?parent=3854"}],"curies":[{"name":"wp","href":"https:\/\/api.w.org\/{rel}","templated":true}]}}

Zweite Umfrage zur sicheren Wiedereröffnung von Schulen

<p><a rel="noreferrer noopener" href="https://unescochair-ghe.org/fa/resources/about-covid-19/second-survey-on-the-safe-re-opening-of-schools/" target="_blank">English version </a>– <a rel="noreferrer noopener" href="https://chaireunesco-es.org/ressources/theme-covid-19/enquete-mondiale-ecoles-et-covid-2e-phase/" target="_blank">Version en français</a> – <a rel="noreferrer noopener" href="https://unescochair-ghe.org/fa/segundo-questionario-sobre-a-reabertura-segura-das-escolas/" target="_blank">Versão portuguesa</a> – <a rel="noreferrer noopener" href="https://unescochair-ghe.org/fa/resources/about-covid-19/segunda-encuesta-sobre-la-reapertura-segura-de-las-escuelas/" target="_blank">Versión en español</a> – <a href="https://unescochair-ghe.org/wp-content/uploads/2021/09/SEP-الدراسة-الاستقصائية-الثانية-حول-إعادة-فتح-المدارس-بشكل-آمن.pdf" target="_blank" rel="noreferrer noopener">النسخة العربية</a></p>



<p>Die zweite Umfrage zur sicheren Wiedereröffnung von Schulen ist nun abgeschlossen, und die Ergebnisse werden derzeit ausgewertet. Ziel der Umfrage ist es, die Erfahrungen und Meinungen von Fachleuten aus dem Bildungs- und Gesundheitswesen über die in ihren Ländern und Territorien bestehenden Prozesse zur sicheren Wiedereröffnung von Schulen während der COVID-19-Pandemie zu sammeln und diese offen zu halten.</p>



<p>Wir wollen weiterhin eine Brücke schlagen zwischen den wissenschaftlichen Daten und den Bedürfnissen der Menschen, die die nationalen Richtlinien umsetzen und die Auswirkungen der laufenden Pandemie in den Schulen und den umliegenden Gemeinden spüren. Sie soll die bisherige sektorübergreifende Arbeit reflektieren und Empfehlungen für das weitere Vorgehen geben.</p>



<p>Die Umfrage untersucht die in den Schulen ergriffenen Gesundheitsmaßnahmen, die Kommunikation der Leitlinien auf nationaler und/oder lokaler Ebene und die Erleichterungen oder Hindernisse für eine sichere Wiedereröffnung. Es handelt sich um eine Folgeuntersuchung der Umfrage, die im Mai/Juni 2020 durchgeführt wurde.</p>



<style>

#wpsm_counter_b_row_3625 .wpsm_counterbox
{
	text-align:center;
	margin-top:50px;
	margin-bottom:50px;
}
#wpsm_counter_b_row_3625 .wpsm_counterbox .wpsm_count-icon{
	display:block;
	margin-top:20px;
	padding-top:0px;
	padding-bottom:0px;
	margin-bottom:0px;
	margin:0 auto;
}
#wpsm_counter_b_row_3625 .wpsm_counterbox .wpsm_count-icon i{
	font-size:20px;
	color:#1e73be;
}
#wpsm_counter_b_row_3625 .wpsm_counterbox .wpsm_number{
	font-size:18px;
	font-weight:400;
	color:#1e73be;
	font-family:'Open Sans';
	letter-spacing:2px;
	margin-top:20px;
	line-height: 1.3em;
	padding-top:0px;
	padding-bottom:0px;
	margin-bottom:0px;
}
#wpsm_counter_b_row_3625 .wpsm_counterbox .wpsm_count-title{
    font-size:18px;
	font-weight:bolder;
	font-family:'Open Sans';
	letter-spacing:2px;
    color: #1e73be;
	font-weight:400;
	margin-top:20px;
	padding-top:0px;
	padding-bottom:0px;
	margin-bottom:0px;
	line-height: 1.3em;
}

</style> 
		 
		
		<style>
		#wpsm_counter_b_row_3625			{
				
				position:relative;
				width:100%;
				overflow:hidden;
				text-align:center;
			}
			 
			#wpsm_counter_b_row_3625 .wpsm_row{
			overflow:hidden;
			display:block;
			width:100%;
			} 
			 
			#wpsm_counter_b_row_3625 .wpsm_row{
			overflow:visible;
			} 
			 
			#wpsm_counter_b_row_3625 .wpsm_counterbox .wpsm_count-title{
			min-height:56px;
			}}
			 
		</style>
		
		<div class="wpsm_counter_b_row" id="wpsm_counter_b_row_3625">
			<div>
				<div class="wpsm_row">
		
						<div class="wpsm_col-md-4 wpsm_col-sm-6">
					<div class="wpsm_counterbox">
						 
						<div class="wpsm_count-icon"><i #1e73be class="fa fa-map-o"></i></div>
												<div class="wpsm_number" style="#1e73be" >
						   <span class="counter">77						   </span>
						    
					    </div>
						<h3 class="wpsm_count-title" #1e73be> Countries</h3>
						 
					</div>
				</div>
									<div class="wpsm_col-md-4 wpsm_col-sm-6">
					<div class="wpsm_counterbox">
						 
						<div class="wpsm_count-icon"><i #1e73be class="fa fa-group"></i></div>
												<div class="wpsm_number" style="#1e73be" >
						   <span class="counter">2302						   </span>
						    
					    </div>
						<h3 class="wpsm_count-title" #1e73be> Responses</h3>
						 
					</div>
				</div>
									<div class="wpsm_col-md-4 wpsm_col-sm-6">
					<div class="wpsm_counterbox">
						 
						<div class="wpsm_count-icon"><i #1e73be class="fa fa-mortar-board"></i></div>
												<div class="wpsm_number" style="#1e73be" >
						   <span class="counter">44						   </span>
						    
					    </div>
						<h3 class="wpsm_count-title" #1e73be> Researchers involved </h3>
						 
					</div>
				</div>
						</div>
			<div class="wpsm_row">
						
			</div>				</div>
		</div>
		
	



<h3 class="wp-block-heading">Konsortialpartner</h3>



<p>Die Umfrage wird vom <a rel="noreferrer noopener" href="https://unescochair-ghe.org/fa/" target="_blank">UNESCO Chair und WHO Collaborating Center in Global Health &amp; Education</a> mit Unterstützung der Konsortialpartner von <a rel="noreferrer noopener" href="http://www.ascd.org/Default.aspx" target="_blank">ASCD</a>, <a rel="noreferrer noopener" href="https://www.ntnu.edu/chain" target="_blank">CHAIN</a>, <a rel="noreferrer noopener" href="https://www.ei-ie.org/en" target="_blank">Education International</a>, <a rel="noreferrer noopener" href="https://eupha.org/child-and-adolescent-public-health" target="_blank">EUPHA Child and Adolescent Public Health</a>, <a rel="noreferrer noopener" href="https://eupha.org/health-promotion" target="_blank">EUPHA Health Promotion</a>, <a rel="noreferrer noopener" href="https://www.gculondon.ac.uk/" target="_blank">GCU London</a>, <a rel="noreferrer noopener" href="https://iaah.org/" target="_blank">IAAH</a> und deren <a rel="noreferrer noopener" href="https://iaah.org/young-professionals-network/" target="_blank">Young Professionals&#8217; Network</a>, <a rel="noreferrer noopener" href="https://www.iuhpe.org/index.php/en/" target="_blank">IUHPE</a>, <a href="https://www.ncdchild.org/" target="_blank" rel="noreferrer noopener">NCD Child</a>, <a href="https://inspe.uca.fr/" target="_blank" rel="noreferrer noopener">UCA </a>und dem <a href="https://www.schoolsforhealth.org/" target="_blank" rel="noreferrer noopener">SHE Network</a> durchgeführt.</p>



<figure class="wp-block-image size-large"><img decoding="async" width="1024" height="576" data-src="https://unescochair-ghe.org/wp-content/uploads/2021/05/Social-media-cards-GE-1024x576.jpg" alt="" class="wp-image-3855 lazyload" data-srcset="https://unescochair-ghe.org/wp-content/uploads/2021/05/Social-media-cards-GE-1024x576.jpg 1024w, https://unescochair-ghe.org/wp-content/uploads/2021/05/Social-media-cards-GE-300x169.jpg 300w, https://unescochair-ghe.org/wp-content/uploads/2021/05/Social-media-cards-GE-768x432.jpg 768w, https://unescochair-ghe.org/wp-content/uploads/2021/05/Social-media-cards-GE-16x9.jpg 16w, https://unescochair-ghe.org/wp-content/uploads/2021/05/Social-media-cards-GE-373x210.jpg 373w, https://unescochair-ghe.org/wp-content/uploads/2021/05/Social-media-cards-GE.jpg 1280w" data-sizes="(max-width: 1024px) 100vw, 1024px" src="data:image/svg+xml;base64,PHN2ZyB3aWR0aD0iMSIgaGVpZ2h0PSIxIiB4bWxucz0iaHR0cDovL3d3dy53My5vcmcvMjAwMC9zdmciPjwvc3ZnPg==" style="--smush-placeholder-width: 1024px; --smush-placeholder-aspect-ratio: 1024/576;" /></figure>



<p>Forscher der folgenden Universitäten und Organisationen tragen zur Forschung bei:</p>



<ul class="wp-block-list"><li>Clermont Auvergne University, France</li><li>GCU London, UK</li><li>Leuphana University, Germany</li><li>State University of São Paulo (UNESP), Brazil</li><li>Swiss Public Health Doctors Society, Switzerland</li><li>University of Huddersfield, UK</li><li>University of Minho (CIEC research centre), Portugal</li><li>University of Rovuma, Nampula, Mozambique</li><li>Young People’s Health Special Interest Group of the UK Royal College of Paediatrics and Child Health (YPHSIG) (UK)</li></ul>



<p></p>

<p>English version – Version en français – Versão portuguesa – Versión en español – النسخة العربية Die zweite Umfrage zur sicheren Wiedereröffnung von Schulen ist nun abgeschlossen, und die Ergebnisse werden derzeit ausgewertet. Ziel der Umfrage ist &hellip;</p>
