{"id":3577,"date":"2021-04-08T11:39:05","date_gmt":"2021-04-08T09:39:05","guid":{"rendered":"https:\/\/unescochair-ghe.org\/?page_id=3577"},"modified":"2022-02-24T17:34:47","modified_gmt":"2022-02-24T16:34:47","slug":"17-febrero-2022-implicaciones-del-adultocentrismo-en-la-salud-de-las-infancias-y-juventudes-de-america-latina","status":"publish","type":"page","link":"https:\/\/unescochair-ghe.org\/fa\/17-febrero-2022-implicaciones-del-adultocentrismo-en-la-salud-de-las-infancias-y-juventudes-de-america-latina\/","title":{"rendered":"17 febrero 2022 &#8211; Implicaciones del adultocentrismo en la salud de las infancias y juventudes de Am\u00e9rica Latina"},"content":{"rendered":"<h3 class=\"wp-block-heading\"><a href=\"https:\/\/unescochair-ghe.org\/fa\/webinars\/\">\u0633\u0631\u06cc \u0648\u0628\u06cc\u0646\u0627\u0631 \u0647\u0627\u06cc \u06a9\u0631\u0633\u06cc \u062c\u0647\u0627\u0646\u06cc \u0633\u0644\u0627\u0645\u062a \u0648 \u0622\u0645\u0648\u0632\u0634<\/a><\/h3>\n\n\n\n<h4 class=\"wp-block-heading\"><a href=\"https:\/\/unescochair-ghe.org\/fa\/2022\/01\/25\/17-february-2022-implications-of-adultcentrism-on-the-health-of-children-and-adolescents-in-latin-america\/\">English version<\/a><\/h4>\n\n\n\n<h4 class=\"wp-block-heading\">Moderadora<\/h4>\n\n\n\n<div class=\"wp-block-columns is-layout-flex wp-container-core-columns-is-layout-9d6595d7 wp-block-columns-is-layout-flex\">\n<div class=\"wp-block-column is-layout-flow wp-block-column-is-layout-flow\" style=\"flex-basis:33.33%\">\n<div class=\"wp-block-image is-style-rounded\"><figure class=\"aligncenter size-medium is-resized\"><img decoding=\"async\" data-src=\"https:\/\/unescochair-ghe.org\/wp-content\/uploads\/2020\/10\/Marinilda-Rivera-Diaz-1-290x300.png\" alt=\"\" class=\"wp-image-2084 lazyload\" width=\"218\" height=\"225\" data-srcset=\"https:\/\/unescochair-ghe.org\/wp-content\/uploads\/2020\/10\/Marinilda-Rivera-Diaz-1-290x300.png 290w, https:\/\/unescochair-ghe.org\/wp-content\/uploads\/2020\/10\/Marinilda-Rivera-Diaz-1-990x1024.png 990w, https:\/\/unescochair-ghe.org\/wp-content\/uploads\/2020\/10\/Marinilda-Rivera-Diaz-1-768x794.png 768w, https:\/\/unescochair-ghe.org\/wp-content\/uploads\/2020\/10\/Marinilda-Rivera-Diaz-1-373x386.png 373w, https:\/\/unescochair-ghe.org\/wp-content\/uploads\/2020\/10\/Marinilda-Rivera-Diaz-1.png 1160w\" data-sizes=\"(max-width: 218px) 100vw, 218px\" src=\"data:image\/svg+xml;base64,PHN2ZyB3aWR0aD0iMSIgaGVpZ2h0PSIxIiB4bWxucz0iaHR0cDovL3d3dy53My5vcmcvMjAwMC9zdmciPjwvc3ZnPg==\" style=\"--smush-placeholder-width: 218px; --smush-placeholder-aspect-ratio: 218\/225;\" \/><\/figure><\/div>\n<\/div>\n\n\n\n<div class=\"wp-block-column is-vertically-aligned-top is-layout-flow wp-block-column-is-layout-flow\" style=\"flex-basis:66.66%\">\n<p><strong>Dra. Marinilda Rivera D\u00edaz<\/strong>, Puerto Rico. Coordinadora del Programa Doctoral en Determinantes Sociales de la Salud de la Escuela Graduada de Salud P\u00fablica, Departamento de Ciencias Sociales, Recinto de Ciencias M\u00e9dicas de la Universidad de Puerto Rico. Delegada de Educaci\u00f3n para Am\u00e9rica Latina y el Caribe de la Federaci\u00f3n Internacional de Trabajadores Sociales. Coordinadora del Grupo de Trabajo Salud Internacional y Soberan\u00eda Sanitaria del Consejo Latinoamericano de las Ciencias Sociales.<\/p>\n<\/div>\n<\/div>\n\n\n\n<h4 class=\"wp-block-heading\">Oradores<\/h4>\n\n\n\n<div class=\"wp-block-columns is-layout-flex wp-container-core-columns-is-layout-9d6595d7 wp-block-columns-is-layout-flex\">\n<div class=\"wp-block-column is-layout-flow wp-block-column-is-layout-flow\" style=\"flex-basis:33.33%\">\n<div class=\"wp-block-image is-style-rounded\"><figure class=\"aligncenter size-medium is-resized\"><img decoding=\"async\" data-src=\"https:\/\/unescochair-ghe.org\/wp-content\/uploads\/2021\/04\/Ivan-de-Jesus-Rosa-300x300.jpg\" alt=\"\" class=\"wp-image-3546 lazyload\" width=\"225\" height=\"225\" data-srcset=\"https:\/\/unescochair-ghe.org\/wp-content\/uploads\/2021\/04\/Ivan-de-Jesus-Rosa-300x300.jpg 300w, https:\/\/unescochair-ghe.org\/wp-content\/uploads\/2021\/04\/Ivan-de-Jesus-Rosa-150x150.jpg 150w, https:\/\/unescochair-ghe.org\/wp-content\/uploads\/2021\/04\/Ivan-de-Jesus-Rosa-12x12.jpg 12w, https:\/\/unescochair-ghe.org\/wp-content\/uploads\/2021\/04\/Ivan-de-Jesus-Rosa-512x512.jpg 512w, https:\/\/unescochair-ghe.org\/wp-content\/uploads\/2021\/04\/Ivan-de-Jesus-Rosa.jpg 640w\" data-sizes=\"(max-width: 225px) 100vw, 225px\" src=\"data:image\/svg+xml;base64,PHN2ZyB3aWR0aD0iMSIgaGVpZ2h0PSIxIiB4bWxucz0iaHR0cDovL3d3dy53My5vcmcvMjAwMC9zdmciPjwvc3ZnPg==\" style=\"--smush-placeholder-width: 225px; --smush-placeholder-aspect-ratio: 225\/225;\" \/><\/figure><\/div>\n<\/div>\n\n\n\n<div class=\"wp-block-column is-layout-flow wp-block-column-is-layout-flow\" style=\"flex-basis:66.66%\">\n<p><strong>Dr. Iv\u00e1n De Jes\u00fas Rosa<\/strong>, Profesor de Trabajo Social, Universidad Ana G. M\u00e9ndez, Puerto Rico<\/p>\n<\/div>\n<\/div>\n\n\n\n<div class=\"wp-block-columns is-layout-flex wp-container-core-columns-is-layout-9d6595d7 wp-block-columns-is-layout-flex\">\n<div class=\"wp-block-column is-layout-flow wp-block-column-is-layout-flow\" style=\"flex-basis:33.33%\">\n<div class=\"wp-block-image is-style-rounded\"><figure class=\"aligncenter size-medium is-resized\"><img decoding=\"async\" data-src=\"https:\/\/unescochair-ghe.org\/wp-content\/uploads\/2021\/04\/Elba-Pacheco-282x300.jpg\" alt=\"\" class=\"wp-image-3548 lazyload\" width=\"212\" height=\"225\" data-srcset=\"https:\/\/unescochair-ghe.org\/wp-content\/uploads\/2021\/04\/Elba-Pacheco-282x300.jpg 282w, https:\/\/unescochair-ghe.org\/wp-content\/uploads\/2021\/04\/Elba-Pacheco-963x1024.jpg 963w, https:\/\/unescochair-ghe.org\/wp-content\/uploads\/2021\/04\/Elba-Pacheco-768x816.jpg 768w, https:\/\/unescochair-ghe.org\/wp-content\/uploads\/2021\/04\/Elba-Pacheco-11x12.jpg 11w, https:\/\/unescochair-ghe.org\/wp-content\/uploads\/2021\/04\/Elba-Pacheco.jpg 1095w\" data-sizes=\"(max-width: 212px) 100vw, 212px\" src=\"data:image\/svg+xml;base64,PHN2ZyB3aWR0aD0iMSIgaGVpZ2h0PSIxIiB4bWxucz0iaHR0cDovL3d3dy53My5vcmcvMjAwMC9zdmciPjwvc3ZnPg==\" style=\"--smush-placeholder-width: 212px; --smush-placeholder-aspect-ratio: 212\/225;\" \/><\/figure><\/div>\n<\/div>\n\n\n\n<div class=\"wp-block-column is-layout-flow wp-block-column-is-layout-flow\" style=\"flex-basis:66.66%\">\n<p><strong>Dra. Elba Betancourt D\u00edaz<\/strong>, Profesora de Trabajo Social, Universidad Ana G. M\u00e9ndez, Puerto Rico<\/p>\n<\/div>\n<\/div>\n\n\n\n<p><i class=\"fas fa-globe\"><\/i> Espa\u00f1ol<\/p>\n\n\n\n<hr class=\"wp-block-separator is-style-wide\" \/>\n\n\n\n<h3 class=\"wp-block-heading\">Resumen<\/h3>\n\n\n\n<p>El presente webinar busca exponer las implicaciones que tiene el adultocentrismo en la salud integral de las infancias y juventudes de Am\u00e9rica Latina. Para ello, se definir\u00e1 conceptualmente el adultocentrismo, focalizando en sus dimensiones ideol\u00f3gicas, econ\u00f3micas y pol\u00edticas, explicitando su efecto en la salud infanto-juvenil. Tambi\u00e9n, se expondr\u00e1n diversas ejemplificaciones regionales respecto a c\u00f3mo la salud de las infancias y juventudes se precariza como consecuencia de nociones adultoc\u00e9ntricas. Luego, se expondr\u00e1 c\u00f3mo el marco de la ciudadan\u00eda infantil y juvenil nos puede ayudar a superar el impacto del adultocentrismo en la salud. Finalmente, se se\u00f1alar\u00e1n contribuciones espec\u00edficas dirigidas a la renovaci\u00f3n del marco de promoci\u00f3n de la salud con este sector poblacional.<\/p>\n\n\n\n<p>Las siguientes tres preguntas ser\u00e1n abordadas:<\/p>\n\n\n\n<ol class=\"wp-block-list\"><li>\u00bfQu\u00e9 implicaciones tiene el adultocentrismo en la salud de las infancias y juventudes de Am\u00e9rica Latina?<\/li><li>\u00bfC\u00f3mo el marco de la ciudadan\u00eda infantil y juvenil nos puede ayudar a superar el impacto del adultocentrismo en la salud?<\/li><li>\u00bfC\u00f3mo contribuye nuestro trabajo a la renovaci\u00f3n del marco de promoci\u00f3n de la salud? \/ \u00bfCu\u00e1les son las prioridades en el \u00e1mbito de la promoci\u00f3n de la salud?<\/li><\/ol>\n\n\n\n<hr class=\"wp-block-separator is-style-wide\" \/>\n\n\n\n<h3 class=\"wp-block-heading\">Las contribuciones de nuestros oradores<\/h3>\n\n\n\n<div class=\"wp-block-columns is-layout-flex wp-container-core-columns-is-layout-9d6595d7 wp-block-columns-is-layout-flex\">\n<div class=\"wp-block-column is-layout-flow wp-block-column-is-layout-flow\" style=\"flex-basis:33.33%\">\n<figure class=\"wp-block-embed is-type-video is-provider-youtube wp-block-embed-youtube wp-embed-aspect-16-9 wp-has-aspect-ratio\"><div class=\"wp-block-embed__wrapper\">\n<iframe title=\"Implicaciones del adultocentrismo en la salud de las infancias y juventudes de Am\u00e9rica Latina\" width=\"1233\" height=\"694\" data-src=\"https:\/\/www.youtube.com\/embed\/ATdqEkDoeP8?feature=oembed\" frameborder=\"0\" allow=\"accelerometer; autoplay; clipboard-write; encrypted-media; gyroscope; picture-in-picture; web-share\" referrerpolicy=\"strict-origin-when-cross-origin\" allowfullscreen src=\"data:image\/svg+xml;base64,PHN2ZyB3aWR0aD0iMSIgaGVpZ2h0PSIxIiB4bWxucz0iaHR0cDovL3d3dy53My5vcmcvMjAwMC9zdmciPjwvc3ZnPg==\" class=\"lazyload\" data-load-mode=\"1\"><\/iframe>\n<\/div><\/figure>\n<\/div>\n\n\n\n<div class=\"wp-block-column is-layout-flow wp-block-column-is-layout-flow\" style=\"flex-basis:66.66%\">\n<p><a href=\"https:\/\/unescochair-ghe.org\/wp-content\/uploads\/2022\/02\/Webinar-17-FEB-2022.pdf\"><strong>El ppt del webinar<\/strong><\/a><\/p>\n<\/div>\n<\/div>\n\n\n\n<hr class=\"wp-block-separator is-style-wide\" \/>\n\n\n\n<p>Este seminario web est\u00e1 organizado por la C\u00e1tedra UNESCO y el Centro Colaborador OMS Educaci\u00f3n y Salud en colaboraci\u00f3n con la <a rel=\"noreferrer noopener\" href=\"https:\/\/www.upr.edu\/\" target=\"_blank\">Universidad de Puerto Rico<\/a> y la <a rel=\"noreferrer noopener\" href=\"https:\/\/usa.uagm.edu\/\" target=\"_blank\">Universidad Ana G. M\u00e9ndez<\/a> y con el apoyo de <a rel=\"noreferrer noopener\" href=\"https:\/\/www.emeraldgrouppublishing.com\/journal\/he\" target=\"_blank\">Emerald Publishing<\/a>.<\/p>\n\n\n\n<figure class=\"wp-block-image size-large\"><img decoding=\"async\" width=\"1024\" height=\"536\" data-src=\"https:\/\/unescochair-ghe.org\/wp-content\/uploads\/2022\/01\/Webinar-Implications-of-adultcentrism-ES-1-1024x536.png\" alt=\"\" class=\"wp-image-4912 lazyload\" data-srcset=\"https:\/\/unescochair-ghe.org\/wp-content\/uploads\/2022\/01\/Webinar-Implications-of-adultcentrism-ES-1-1024x536.png 1024w, https:\/\/unescochair-ghe.org\/wp-content\/uploads\/2022\/01\/Webinar-Implications-of-adultcentrism-ES-1-300x157.png 300w, https:\/\/unescochair-ghe.org\/wp-content\/uploads\/2022\/01\/Webinar-Implications-of-adultcentrism-ES-1-768x402.png 768w, https:\/\/unescochair-ghe.org\/wp-content\/uploads\/2022\/01\/Webinar-Implications-of-adultcentrism-ES-1-18x9.png 18w, https:\/\/unescochair-ghe.org\/wp-content\/uploads\/2022\/01\/Webinar-Implications-of-adultcentrism-ES-1-373x195.png 373w, https:\/\/unescochair-ghe.org\/wp-content\/uploads\/2022\/01\/Webinar-Implications-of-adultcentrism-ES-1.png 1200w\" data-sizes=\"(max-width: 1024px) 100vw, 1024px\" src=\"data:image\/svg+xml;base64,PHN2ZyB3aWR0aD0iMSIgaGVpZ2h0PSIxIiB4bWxucz0iaHR0cDovL3d3dy53My5vcmcvMjAwMC9zdmciPjwvc3ZnPg==\" style=\"--smush-placeholder-width: 1024px; --smush-placeholder-aspect-ratio: 1024\/536;\" \/><\/figure>","protected":false},"excerpt":{"rendered":"<p>Global Health &amp; Education webinar series English version Moderadora Dra. Marinilda Rivera D\u00edaz, Puerto Rico. Coordinadora del Programa Doctoral en Determinantes Sociales de la Salud de la Escuela Graduada de &hellip;<\/p>","protected":false},"author":3,"featured_media":0,"parent":0,"menu_order":0,"comment_status":"closed","ping_status":"closed","template":"","meta":{"footnotes":"","_links_to":"","_links_to_target":""},"class_list":["post-3577","page","type-page","status-publish","hentry"],"_links":{"self":[{"href":"https:\/\/unescochair-ghe.org\/fa\/wp-json\/wp\/v2\/pages\/3577","targetHints":{"allow":["GET"]}}],"collection":[{"href":"https:\/\/unescochair-ghe.org\/fa\/wp-json\/wp\/v2\/pages"}],"about":[{"href":"https:\/\/unescochair-ghe.org\/fa\/wp-json\/wp\/v2\/types\/page"}],"author":[{"embeddable":true,"href":"https:\/\/unescochair-ghe.org\/fa\/wp-json\/wp\/v2\/users\/3"}],"replies":[{"embeddable":true,"href":"https:\/\/unescochair-ghe.org\/fa\/wp-json\/wp\/v2\/comments?post=3577"}],"version-history":[{"count":24,"href":"https:\/\/unescochair-ghe.org\/fa\/wp-json\/wp\/v2\/pages\/3577\/revisions"}],"predecessor-version":[{"id":5023,"href":"https:\/\/unescochair-ghe.org\/fa\/wp-json\/wp\/v2\/pages\/3577\/revisions\/5023"}],"wp:attachment":[{"href":"https:\/\/unescochair-ghe.org\/fa\/wp-json\/wp\/v2\/media?parent=3577"}],"curies":[{"name":"wp","href":"https:\/\/api.w.org\/{rel}","templated":true}]}}

17 febrero 2022 &#8211; Implicaciones del adultocentrismo en la salud de las infancias y juventudes de América Latina

<h3 class="wp-block-heading"><a href="https://unescochair-ghe.org/fa/webinars/">سری وبینار های کرسی جهانی سلامت و آموزش</a></h3>



<h4 class="wp-block-heading"><a href="https://unescochair-ghe.org/fa/2022/01/25/17-february-2022-implications-of-adultcentrism-on-the-health-of-children-and-adolescents-in-latin-america/">English version</a></h4>



<h4 class="wp-block-heading">Moderadora</h4>



<div class="wp-block-columns is-layout-flex wp-container-core-columns-is-layout-9d6595d7 wp-block-columns-is-layout-flex">
<div class="wp-block-column is-layout-flow wp-block-column-is-layout-flow" style="flex-basis:33.33%">
<div class="wp-block-image is-style-rounded"><figure class="aligncenter size-medium is-resized"><img decoding="async" data-src="https://unescochair-ghe.org/wp-content/uploads/2020/10/Marinilda-Rivera-Diaz-1-290x300.png" alt="" class="wp-image-2084 lazyload" width="218" height="225" data-srcset="https://unescochair-ghe.org/wp-content/uploads/2020/10/Marinilda-Rivera-Diaz-1-290x300.png 290w, https://unescochair-ghe.org/wp-content/uploads/2020/10/Marinilda-Rivera-Diaz-1-990x1024.png 990w, https://unescochair-ghe.org/wp-content/uploads/2020/10/Marinilda-Rivera-Diaz-1-768x794.png 768w, https://unescochair-ghe.org/wp-content/uploads/2020/10/Marinilda-Rivera-Diaz-1-373x386.png 373w, https://unescochair-ghe.org/wp-content/uploads/2020/10/Marinilda-Rivera-Diaz-1.png 1160w" data-sizes="(max-width: 218px) 100vw, 218px" src="data:image/svg+xml;base64,PHN2ZyB3aWR0aD0iMSIgaGVpZ2h0PSIxIiB4bWxucz0iaHR0cDovL3d3dy53My5vcmcvMjAwMC9zdmciPjwvc3ZnPg==" style="--smush-placeholder-width: 218px; --smush-placeholder-aspect-ratio: 218/225;" /></figure></div>
</div>



<div class="wp-block-column is-vertically-aligned-top is-layout-flow wp-block-column-is-layout-flow" style="flex-basis:66.66%">
<p><strong>Dra. Marinilda Rivera Díaz</strong>, Puerto Rico. Coordinadora del Programa Doctoral en Determinantes Sociales de la Salud de la Escuela Graduada de Salud Pública, Departamento de Ciencias Sociales, Recinto de Ciencias Médicas de la Universidad de Puerto Rico. Delegada de Educación para América Latina y el Caribe de la Federación Internacional de Trabajadores Sociales. Coordinadora del Grupo de Trabajo Salud Internacional y Soberanía Sanitaria del Consejo Latinoamericano de las Ciencias Sociales.</p>
</div>
</div>



<h4 class="wp-block-heading">Oradores</h4>



<div class="wp-block-columns is-layout-flex wp-container-core-columns-is-layout-9d6595d7 wp-block-columns-is-layout-flex">
<div class="wp-block-column is-layout-flow wp-block-column-is-layout-flow" style="flex-basis:33.33%">
<div class="wp-block-image is-style-rounded"><figure class="aligncenter size-medium is-resized"><img decoding="async" data-src="https://unescochair-ghe.org/wp-content/uploads/2021/04/Ivan-de-Jesus-Rosa-300x300.jpg" alt="" class="wp-image-3546 lazyload" width="225" height="225" data-srcset="https://unescochair-ghe.org/wp-content/uploads/2021/04/Ivan-de-Jesus-Rosa-300x300.jpg 300w, https://unescochair-ghe.org/wp-content/uploads/2021/04/Ivan-de-Jesus-Rosa-150x150.jpg 150w, https://unescochair-ghe.org/wp-content/uploads/2021/04/Ivan-de-Jesus-Rosa-12x12.jpg 12w, https://unescochair-ghe.org/wp-content/uploads/2021/04/Ivan-de-Jesus-Rosa-512x512.jpg 512w, https://unescochair-ghe.org/wp-content/uploads/2021/04/Ivan-de-Jesus-Rosa.jpg 640w" data-sizes="(max-width: 225px) 100vw, 225px" src="data:image/svg+xml;base64,PHN2ZyB3aWR0aD0iMSIgaGVpZ2h0PSIxIiB4bWxucz0iaHR0cDovL3d3dy53My5vcmcvMjAwMC9zdmciPjwvc3ZnPg==" style="--smush-placeholder-width: 225px; --smush-placeholder-aspect-ratio: 225/225;" /></figure></div>
</div>



<div class="wp-block-column is-layout-flow wp-block-column-is-layout-flow" style="flex-basis:66.66%">
<p><strong>Dr. Iván De Jesús Rosa</strong>, Profesor de Trabajo Social, Universidad Ana G. Méndez, Puerto Rico</p>
</div>
</div>



<div class="wp-block-columns is-layout-flex wp-container-core-columns-is-layout-9d6595d7 wp-block-columns-is-layout-flex">
<div class="wp-block-column is-layout-flow wp-block-column-is-layout-flow" style="flex-basis:33.33%">
<div class="wp-block-image is-style-rounded"><figure class="aligncenter size-medium is-resized"><img decoding="async" data-src="https://unescochair-ghe.org/wp-content/uploads/2021/04/Elba-Pacheco-282x300.jpg" alt="" class="wp-image-3548 lazyload" width="212" height="225" data-srcset="https://unescochair-ghe.org/wp-content/uploads/2021/04/Elba-Pacheco-282x300.jpg 282w, https://unescochair-ghe.org/wp-content/uploads/2021/04/Elba-Pacheco-963x1024.jpg 963w, https://unescochair-ghe.org/wp-content/uploads/2021/04/Elba-Pacheco-768x816.jpg 768w, https://unescochair-ghe.org/wp-content/uploads/2021/04/Elba-Pacheco-11x12.jpg 11w, https://unescochair-ghe.org/wp-content/uploads/2021/04/Elba-Pacheco.jpg 1095w" data-sizes="(max-width: 212px) 100vw, 212px" src="data:image/svg+xml;base64,PHN2ZyB3aWR0aD0iMSIgaGVpZ2h0PSIxIiB4bWxucz0iaHR0cDovL3d3dy53My5vcmcvMjAwMC9zdmciPjwvc3ZnPg==" style="--smush-placeholder-width: 212px; --smush-placeholder-aspect-ratio: 212/225;" /></figure></div>
</div>



<div class="wp-block-column is-layout-flow wp-block-column-is-layout-flow" style="flex-basis:66.66%">
<p><strong>Dra. Elba Betancourt Díaz</strong>, Profesora de Trabajo Social, Universidad Ana G. Méndez, Puerto Rico</p>
</div>
</div>



<p><i class="fas fa-globe"></i> Español</p>



<hr class="wp-block-separator is-style-wide" />



<h3 class="wp-block-heading">Resumen</h3>



<p>El presente webinar busca exponer las implicaciones que tiene el adultocentrismo en la salud integral de las infancias y juventudes de América Latina. Para ello, se definirá conceptualmente el adultocentrismo, focalizando en sus dimensiones ideológicas, económicas y políticas, explicitando su efecto en la salud infanto-juvenil. También, se expondrán diversas ejemplificaciones regionales respecto a cómo la salud de las infancias y juventudes se precariza como consecuencia de nociones adultocéntricas. Luego, se expondrá cómo el marco de la ciudadanía infantil y juvenil nos puede ayudar a superar el impacto del adultocentrismo en la salud. Finalmente, se señalarán contribuciones específicas dirigidas a la renovación del marco de promoción de la salud con este sector poblacional.</p>



<p>Las siguientes tres preguntas serán abordadas:</p>



<ol class="wp-block-list"><li>¿Qué implicaciones tiene el adultocentrismo en la salud de las infancias y juventudes de América Latina?</li><li>¿Cómo el marco de la ciudadanía infantil y juvenil nos puede ayudar a superar el impacto del adultocentrismo en la salud?</li><li>¿Cómo contribuye nuestro trabajo a la renovación del marco de promoción de la salud? / ¿Cuáles son las prioridades en el ámbito de la promoción de la salud?</li></ol>



<hr class="wp-block-separator is-style-wide" />



<h3 class="wp-block-heading">Las contribuciones de nuestros oradores</h3>



<div class="wp-block-columns is-layout-flex wp-container-core-columns-is-layout-9d6595d7 wp-block-columns-is-layout-flex">
<div class="wp-block-column is-layout-flow wp-block-column-is-layout-flow" style="flex-basis:33.33%">
<figure class="wp-block-embed is-type-video is-provider-youtube wp-block-embed-youtube wp-embed-aspect-16-9 wp-has-aspect-ratio"><div class="wp-block-embed__wrapper">
<iframe title="Implicaciones del adultocentrismo en la salud de las infancias y juventudes de América Latina" width="1233" height="694" data-src="https://www.youtube.com/embed/ATdqEkDoeP8?feature=oembed" frameborder="0" allow="accelerometer; autoplay; clipboard-write; encrypted-media; gyroscope; picture-in-picture; web-share" referrerpolicy="strict-origin-when-cross-origin" allowfullscreen src="data:image/svg+xml;base64,PHN2ZyB3aWR0aD0iMSIgaGVpZ2h0PSIxIiB4bWxucz0iaHR0cDovL3d3dy53My5vcmcvMjAwMC9zdmciPjwvc3ZnPg==" class="lazyload" data-load-mode="1"></iframe>
</div></figure>
</div>



<div class="wp-block-column is-layout-flow wp-block-column-is-layout-flow" style="flex-basis:66.66%">
<p><a href="https://unescochair-ghe.org/wp-content/uploads/2022/02/Webinar-17-FEB-2022.pdf"><strong>El ppt del webinar</strong></a></p>
</div>
</div>



<hr class="wp-block-separator is-style-wide" />



<p>Este seminario web está organizado por la Cátedra UNESCO y el Centro Colaborador OMS Educación y Salud en colaboración con la <a rel="noreferrer noopener" href="https://www.upr.edu/" target="_blank">Universidad de Puerto Rico</a> y la <a rel="noreferrer noopener" href="https://usa.uagm.edu/" target="_blank">Universidad Ana G. Méndez</a> y con el apoyo de <a rel="noreferrer noopener" href="https://www.emeraldgrouppublishing.com/journal/he" target="_blank">Emerald Publishing</a>.</p>



<figure class="wp-block-image size-large"><img decoding="async" width="1024" height="536" data-src="https://unescochair-ghe.org/wp-content/uploads/2022/01/Webinar-Implications-of-adultcentrism-ES-1-1024x536.png" alt="" class="wp-image-4912 lazyload" data-srcset="https://unescochair-ghe.org/wp-content/uploads/2022/01/Webinar-Implications-of-adultcentrism-ES-1-1024x536.png 1024w, https://unescochair-ghe.org/wp-content/uploads/2022/01/Webinar-Implications-of-adultcentrism-ES-1-300x157.png 300w, https://unescochair-ghe.org/wp-content/uploads/2022/01/Webinar-Implications-of-adultcentrism-ES-1-768x402.png 768w, https://unescochair-ghe.org/wp-content/uploads/2022/01/Webinar-Implications-of-adultcentrism-ES-1-18x9.png 18w, https://unescochair-ghe.org/wp-content/uploads/2022/01/Webinar-Implications-of-adultcentrism-ES-1-373x195.png 373w, https://unescochair-ghe.org/wp-content/uploads/2022/01/Webinar-Implications-of-adultcentrism-ES-1.png 1200w" data-sizes="(max-width: 1024px) 100vw, 1024px" src="data:image/svg+xml;base64,PHN2ZyB3aWR0aD0iMSIgaGVpZ2h0PSIxIiB4bWxucz0iaHR0cDovL3d3dy53My5vcmcvMjAwMC9zdmciPjwvc3ZnPg==" style="--smush-placeholder-width: 1024px; --smush-placeholder-aspect-ratio: 1024/536;" /></figure>

<p>Global Health &amp; Education webinar series English version Moderadora Dra. Marinilda Rivera Díaz, Puerto Rico. Coordinadora del Programa Doctoral en Determinantes Sociales de la Salud de la Escuela Graduada de &hellip;</p>
